**2 + 4*h + 3. Determine v(-3).
-153
Let i(w) = -1346*w - 9525. Determine i(-7).
-103
Let v(b) = -3*b**2 + 40*b + 43. Give v(12).
91
Let u(r) = r**3 + 11*r**2 - 29*r - 305. What is u(-9)?
118
Let g(q) = -118*q - 121. Determine g(-1).
-3
Let x(b) = 56*b**2 + 161*b - 681. What is x(4)?
859
Let n(b) = b**3 + 23*b**2 - 171*b + 82. Give n(-29).
-5
Let v(b) = -7*b**2 - 5*b + 4. What is v(1)?
-8
Let a(m) = 18806*m + 17. Give a(0).
17
Let g(b) = -b**2 + 63*b + 567. Give g(-8).
-1
Let r(i) = 12*i**2 - 40*i - 875. Calculate r(-7).
-7
Let r(g) = 2559*g + 10119. Give r(-4).
-117
Let f(a) = 2535*a + 2540. What is f(-1)?
5
Let x(v) = 2*v**3 + 16*v**2 + 28*v + 6. Give x(-3).
12
Let k(h) = -h**3 - 16*h**2 + 356*h + 5769. What is k(-17)?
6
Let m(u) = u**2 + 18*u - 19. Calculate m(-7).
-96
Let p(z) = -2*z**2 - 4*z + 87. What is p(-14)?
-249
Let v(p) = 705*p - 15505. Calculate v(22).
5
Let g(o) = -o**2 + 41. Give g(9).
-40
Let s(d) = d**2 + 10*d - 47. Determine s(-13).
-8
Let a(h) = 282*h - 2244. Determine a(8).
12
Let d(k) = k**2 + 91*k + 354. Calculate d(-4).
6
Let m(s) = 76*s + 149. Determine m(-2).
-3
Let h(a) = -45*a + 40. Give h(1).
-5
Let x(n) = 69*n**2 - 405*n - 69. What is x(6)?
-15
Let k(g) = g**2 - 42*g - 74. Determine k(42).
-74
Let z(q) = q**3 + 9*q**2 - 5*q - 20. What is z(-9)?
25
Let m(n) = -44*n**2 - 4665*n - 107. Determine m(-106).
-1
Let f(w) = 32*w**2 - 135*w - 6. Determine f(4).
-34
Let c(g) = -15*g - 155. Give c(-10).
-5
Let b(g) = g**3 - 20*g**2 + 159*g - 12. Give b(7).
464
Let h(b) = -31*b + 377. Calculate h(12).
5
Let h(s) = -2*s**2 + 33*s + 349. Determine h(-7).
20
Let s(u) = -u**3 + 2*u**2 - 30*u - 142. Calculate s(-4).
74
Let h(t) = -4*t - 487. Calculate h(-64).
-231
Let z(v) = 6*v**2 - v + 21. Determine z(0).
21
Let f(a) = -a**3 - 13*a**2 - 12*a - 18. Calculate f(-13).
138
Let v(w) = -86*w + 3922. Calculate v(46).
-34
Let g(i) = -13*i**3 + 1873*i**2 - 144*i + 2. Give g(144).
2
Let l(i) = -3*i - 70. Give l(-14).
-28
Let c(v) = -v**3 - 9*v**2 - 8*v - 27. What is c(-9)?
45
Let p(s) = -s**2 + 18*s + 1203. Determine p(-27).
-12
Let i(f) = -f**3 - 2*f**2 - 57*f - 247. Give i(-4).
13
Let o(j) = 2*j**2 - 105*j - 1173. Determine o(62).
5
Let f(m) = 4*m**2 - 254*m + 2041. Give f(54).
-11
Let c(a) = a**2 + 24*a - 1785. Determine c(32).
7
Let p(l) = -l**3 - 11*l**2 - 110*l - 1068. Give p(-9).
-240
Let a(y) = 2*y**3 + 36*y**2 - 27*y + 96. Give a(-18).
582
Let y(f) = -f**3 + 10*f**2 - 12*f + 62. Determine y(9).
35
Let g(i) = 115*i**3 + 31*i**2 - 36*i + 3. Give g(1).
113
Let w(k) = -100*k**2 - 30*k - 34. What is w(-1)?
-104
Let u(s) = 2473*s + 14841. Calculate u(-6).
3
Let z(h) = 37*h**2 - 222*h + 5. What is z(6)?
5
Let p(y) = 3188*y - 15934. Calculate p(5).
6
Let s(w) = -w**2 - 14*w - 19. Calculate s(11).
-294
Let j(f) = -f**2 - 14*f - 55. Give j(-9).
-10
Let y(b) = -61*b + 471. Give y(8).
-17
Let b(z) = 61*z - 410. Calculate b(6).
-44
Let u(n) = 11*n**2 + 100*n - 20. What is u(-8)?
-116
Let t(r) = -r**2 + 53*r - 441. Calculate t(43).
-11
Let f(y) = y**3 - 21*y**2 - 30*y + 173. Calculate f(22).
-3
Let s(f) = 353*f + 1821. What is s(-5)?
56
Let j(q) = -12*q**2 + 338*q - 52. What is j(28)?
4
Let f(s) = -36*s - 462. Give f(-14).
42
Let s(h) = -h**3 + 47*h**2 + 703*h - 53. Calculate s(-12).
7
Let o(s) = s**3 + 17*s**2 - 171*s - 57. What is o(-24)?
15
Let c(x) = 17386*x - 34771. Give c(2).
1
Let j(y) = -y**3 + 21*y**2 - 28*y - 93. What is j(19)?
97
Let h(j) = 2*j**3 + 4*j**2 + 101*j + 299. Determine h(-3).
-22
Let n(z) = -116*z - 584. Give n(-5).
-4
Let p(v) = 2*v - 45. Determine p(-22).
-89
Let h(z) = -4*z**2 - 268*z - 255. Determine h(-66).
9
Let s(b) = -37*b + 600. Determine s(15).
45
Let p(q) = 49*q - 878. Calculate p(18).
4
Let x(n) = 13*n + 309. What is x(-23)?
10
Let m(i) = -1552*i + 9290. Determine m(6).
-22
Let s(m) = 35*m - 3425. What is s(98)?
5
Let b(t) = -407*t + 3617. What is b(9)?
-46
Let v(n) = -3*n**2 - 15*n - 72. Determine v(-5).
-72
Let r(y) = -3*y**2 - 31*y - 18. Determine r(-12).
-78
Let c(p) = -p**3 - 20*p**2 - 2*p - 377. Determine c(-21).
106
Let g(j) = 2*j**3 + 11*j**2 - 105*j + 8. Give g(5).
8
Let f(n) = 2*n**3 + 37*n**2 - 12*n + 78. Give f(-19).
-55
Let a(d) = 3*d + 15. What is a(27)?
96
Let p(c) = -365*c**2 + 4029*c - 157. Determine p(11).
-3
Let q(p) = -p**3 + 198*p**2 - 406*p + 2761. Give q(196).
17
Let v(w) = -51*w + 132. Determine v(3).
-21
Let c(q) = q**3 - 11*q**2 + 11*q - 470. Determine c(13).
11
Let f(r) = 10752*r + 53774. Determine f(-5).
14
Let z(j) = 59*j**2 - 124*j - 6. Give z(-2).
478
Let r(g) = -2*g + 25. Calculate r(3).
19
Let v(x) = 2*x**3 - 20*x + 23. What is v(3)?
17
Let s(b) = -4*b**2 - 84*b - 7. Determine s(-21).
-7
Let h(s) = 13*s**2 + 186*s + 41. What is h(-14)?
-15
Let x(f) = 55*f + 386. What is x(-7)?
1
Let u(r) = -25*r**2 + 71*r + 1. What is u(4)?
-115
Let q(n) = 67*n + 594. What is q(-9)?
-9
Let q(a) = a**3 + 54*a**2 + 135*a - 905. Give q(-51).
13
Let z(b) = 6*b**2 + 240*b - 14. Give z(-40).
-14
Let d(u) = -u**3 + 7*u**2 - 8*u - 10. Give d(5).
0
Let y(r) = 1270*r - 17785. What is y(14)?
-5
Let h(w) = -w**3 + 24*w**2 - 20*w + 4. Calculate h(23).
73
Let o(z) = 128*z**2 - 140*z + 5. Give o(1).
-7
Let i(g) = 4*g**2 - 24*g + 29. Give i(6).
29
Let x(q) = 4*q**2 - 281*q - 13487. Calculate x(103).
6
Let v(u) = -13*u**3 + 18*u**2 - 36*u + 9. What is v(4)?
-679
Let j(f) = 83*f + 919. What is j(-11)?
6
Let b(v) = -79*v + 1412. Determine b(18).
-10
Let z(g) = -g**2 - 93*g + 1637. Give z(15).
17
Let t(v) = 2*v**2 - 202*v - 4567. Determine t(-19).
-7
Let t(d) = -160*d**3 - 4*d**2 + 4*d - 1. Determine t(1).
-161
Let w(h) = 2*h**3 + 66*h**2 + 126*h + 68. What is w(-31)?
6
Let m(l) = 3*l**2 - 63*l + 5. Calculate m(21).
5
Let o(q) = -60*q - 62. Give o(0).
-62
Let q(j) = -j + 51. Determine q(9).
42
Let t(x) = -104*x - 992. Give t(-14).
464
Let d(o) = -648*o - 16815. What is d(-26)?
33
Let n(p) = -2*p - 204. What is n(32)?
-268
Let j(y) = 285*y + 3. What is j(0)?
3
Let u(y) = -3*y**2 - 148*y - 37. Determine u(-49).
12
Let w(o) = 4*o**3 - 30*o**2 + 22*o - 36. Give w(7).
20
Let v(l) = 26*l + 130. Calculate v(-9).
-104
Let y(h) = -512*h - 29178. Give y(-57).
6
Let g(r) = 6244*r + 193557. What is g(-31)?
-7
Let g(p) = -p**2 - 28*p - 246. What is g(-19)?
-75
Let y(v) = -18*v + 2848. What is y(161)?
-50
Let v(s) = -s**2 + 287*s - 1440. Determine v(5).
-30
Let w(f) = 10*f**2 - 172*f - 569. What is w(20)?
-9
Let f(y) = 7*y**2 - 209*y - 45. Calculate f(30).
-15
Let y(j) = 48*j - 437. Calculate y(9).
-5
Let o(n) = -n**3 + 19*n**2 - 157*n + 25. Give o(12).
-851
Let a(b) = -570*b + 21096. Determine a(37).
6
Let q(m) = 3*m**2 - 147*m + 784. What is q(44)?
124
Let a(i) = -169*i - 2194. What is a(-16)?
510
Let w(y) = y**3 - 6*y**2 - 11*y + 6. What is w(10)?
296
Let t(z) = -19*z - 56. What is t(-4)?
20
Let z(l) = l**3 + 22*l**2 - 10*l - 51. What is z(-22)?
169
Let l(y) = 605*y - 6055. Give l(10).
-5
Let w(g) = -39*g + 2216. Calculate w(57).
-7
Let c(q) = 6*q**2 - 231*q + 111. Determine c(38).
-3
Let z(n) = 4*n**3 + 3*n**2 + 9*n + 41. Calculate z(-4).
-203
Let n(f) = 2*f**3 + f**2 - 4*f - 22. Determine n(4).
106
Let n(m) = 399*m + 9580. Give n(-24).
4
Let z(p) = 21*p - 44. Determine z(-4).
-128
Let f(a) = 13*a - 123. Give f(11).
20
Let v(w) = -w**2 + 12*w + 22. Give v(12).
22
Let q(n) = 2*n**3 + 35*n**2 + 16*n - 24. Determine q(-17).
-7
Let t(o) = o**3 - 11*o**2 + 12*o - 26. Calculate t(11).
106
Let a(c) = 2*c**2 - 143*c + 1855. Determine a(17).
2
Let q(l) = 638*l - 86119. Give q(135).
11
Let l(m) = 9*m - 330. Give l(-5).
-375
Let w(z) = 3*z**3 - 155*z**2 - 32*z - 1034. Determine w(52).
6
Let p(b) = 20*b**2 - 1609*b + 712. What is p(80)?
-8
Let l(x) = -265*x + 34175. Give l(129).
-10
Let d(w) = -w**3 - 63*w**2 + 235*w + 10944. Determine d(-64).
0
Let t(p) = 8*p**2 - 57*p - 787. What is t(-7)?
4
Let p(w) = 82*w + 1205. Give p(-13).
139
Let d(b) = b**3 - 9*b**2 - 145*b + 154. Determine d(17).
1
Let g(a) = -a**3 + 25*a**2 - 15*a - 14. What is g(24)?
202
Let v(l) = l**3 + 17*l**2 - 47*l - 9. Give v(-19).
162
Let d(m) = -m**3 - 20*m**2 - 16*m + 29. Give d(-20).
349
Let a(q) = -6*q**3 - 5*q**2 - 41. Determine a(-5).
584
Let l(x) = -46*x + 541. Determine l(28).
-747
Let x(k) = -2*k**3 + 3*k**2 + 30*k - 22. Calculate x(0).
-22
Let a(l) = -6